s 2869 (base 11) in base 4?
321321
-2233023 (base 6) to base 15
-23910
51347 (base 14) to base 13
6ac87
Convert -959019 (base 10) to base 12.
-3a2ba3
What is 226340 (base 12) in base 4?
2012101200
-32ed2a (base 15) to base 3
-11120102202211
-1011010010100101110 (base 2) to base 14
-98b82
100111000100111001 (base 2) to base 7
1234432
What is 10001010100001001111 (base 2) in base 11?
358306
-11010101000100110 (base 2) to base 15
-224ce
What is -302074 (base 10) in base 3?
-120100100221
-9a08c (base 14) to base 16
-5b23c
Convert -674922 (base 14) to base 8.
-15304622
Convert 64460 (base 11) to base 10.
93720
Convert -1149a2 (base 11) to base 13.
-64c29
What is 14115033 (base 7) in base 11?
819053
What is -96c875 (base 13) in base 15?
-49e1e5
Convert 124022 (base 12) to base 9.
502658
-512524 (base 6) to base 7
-226651
1001110122120200 (base 3) to base 7
242411631
What is -2341443013 (base 5) in base 8?
-24535101
Convert 3003112 (base 4) to base 7.
51310
Convert 243174 (base 9) to base 7.
1150426
Convert 6544755 (base 8) to base 5.
422140004
What is -12651230 (base 7) in base 2?
-100011110001010110110
Convert 643008 (base 13) to base 2.
1000111101011000111001
-5053430 (base 9) to base 14
-50136c
Convert 13317142 (base 10) to base 6.
1153233234
1258730 (base 14) to base 15
b937c0
What is 10400 (base 14) in base 12?
1a828
Convert -76163004 (base 8) to base 6.
-1341341352
What is -57213 (base 11) in base 13?
-2b8a7
Convert 61206456 (base 7) to base 8.
23336640
70199 (base 14) to base 11
174317
What is -320b95 (base 13) in base 5?
-300013412
-6eb094 (base 16) to base 6
-415252032
-12233144 (base 5) to base 2
-11100110010100100
101cc38 (base 14) to base 5
3421301112
What is -264206 (base 7) in base 9?
-74805
231261 (base 8) to base 3
10222200220
2344606 (base 8) to base 5
131011124
Convert -29b79 (base 13) to base 6.
-1405022
Convert 315410 (base 6) to base 15.
79d9
Convert 25a1876 (base 12) to base 13.
1700370
6618032 (base 9) to base 14
687986
12221000222000 (base 3) to base 6
151303130
Convert -123422110 (base 5) to base 15.
-c013a
609210 (base 15) to base 3
22122001022020
Convert 616652 (base 7) to base 2.
11001110010100000
-11334 (base 7) to base 13
-1434
What is 242575 (base 13) in base 8?
3223725
Convert -330812 (base 9) to base 14.
-51d85
What is -4057565 (base 9) in base 3?
-11001221122012
What is 6155a3 (base 11) in base 9?
1765643
What is -66279 (base 10) in base 8?
-201347
6742442 (base 8) to base 2
110111100010100100010
-110102200110 (base 3) to base 9
-412613
What is -a4482 (base 13) in base 16?
-4810c
Convert 31578b (base 14) to base 15.
22de53
What is 13031301 (base 4) in base 15?
8b53
What is -12466256 (base 7) in base 9?
-2131405
What is 370bb5 (base 12) in base 6?
31051545
25215 (base 9) to base 7
100253
What is 10ba81d (base 15) in base 2?
101101101101100011100110
Convert -221202012200 (base 4) to base 14.
-1635ac8
-1011100010101111110 (base 2) to base 6
-12035034
What is 101120330 (base 5) in base 4?
1210101123
-111435034 (base 6) to base 4
-13302212332
What is 15113065 (base 7) in base 11?
898a34
What is 111100202200 (base 3) in base 10?
262998
What is 11033653 (base 8) in base 9?
4416804
Convert -2020011111010 (base 3) to base 7.
-13031424
12229639 (base 10) to base 3
212000022220121
Convert -405a71 (base 13) to base 10.
-1497939
-4050889 (base 12) to base 5
-11041030443
Convert 11111010101101110001 (base 2) to base 16.
fab71
What is 15f461 (base 16) in base 14?
2964c9
What is 30235523 (base 6) in base 5?
210014043
What is -25542408 (base 9) in base 2?
-101111110111000101110110
What is 24943b (base 12) in base 11?
378410
-2892822 (base 10) to base 4
-23002100112
Convert 158244 (base 12) to base 13.
cab8b
-13124700 (base 9) to base 3
-110010211210000
2751131 (base 9) to base 10
1509868
What is -4705430 (base 8) in base 3?
-2102001220202
121220121002012 (base 3) to base 4
202102020203
-164860 (base 14) to base 16
-bea94
What is -4140c71 (base 13) in base 16?
-12e0bcd
What is 2bc2d (base 16) in base 14?
49473
What is 101002022201 (base 3) in base 6?
4131031
What is -14cd1 (base 14) in base 7?
-304251
11111110010000011001111 (base 2) to base 6
454323343
-1244312201 (base 5) to base 8
-13715074
What is -344286 (base 11) in base 14?
-1036a5
What is 99827 (base 11) in base 16?
23569
What is -11037521 (base 8) in base 15?
-31dcc0
What is -100101111010011000100000 (base 2) in base 10?
-9938464
-281804 (base 10) to base 16
-44ccc
What is e954cf (base 16) in base 14?
2060a51
Convert 10115333 (base 7) to base 11.
527652
Convert 110202222210012 (base 3) to base 4.
121321311032
What is -220be6 (base 15) in base 5?
-403411231
Convert 212102032 (base 4) to base 9.
258087
Convert -21313033 (base 4) to base 8.
-116717
What is 233167 (base 9) in base 2?
100010001101001110
-a9bb00 (base 15) to base 4
-132312312033
-10001100010111011101000 (base 2) to base 14
-87a2da
60273 (base 14) to base 11
148600
Convert 437584 (base 10) to base 9.
736224
What is -427c44 (base 16) in base 7?
-52015113
What is -4505010 (base 6) in base 16?
-3751e
Convert -13132432 (base 5) to base 13.
-47453
-30444553 (base 6) to base 16
-d6275
1a6268 (base 11) to base 6
10433511
100310123000 (base 4) to base 3
22022000001012
What is 38ad11 (base 15) in base 14?
50b288
-103142011 (base 5) to base 4
-1230033311
10337 (base 9) to base 15
205d
Convert 62034540 (base 7) to base 15.
6c6639
Convert -176 (base 11) to base 6.
-540
What is -211611662 (base 7) in base 8?
-57757776
Convert 475b23 (base 13) to base 15.
238182
What is -2403357 (base 8) in base 6?
-22030143
What is 7e7b5 (base 16) in base 14?
d6b2d
-18b82c (base 14) to base 12
-3635a8
Convert 210221022020 (base 3) to base 9.
727266
What is -1002111100212 (base 3) in base 13?
-174329
What is -960285 (base 10) in base 12?
-3a3879
-1202002201 (base 3) to base 9
-52081
What is -130030303321 (base 4) in base 12?
-25860a1
What is 6381a (base 11) in base 6?
1553432
-11736211 (base 9) to base 8
-25742256
What is 2b287a (base 13) in base 4?
10003123030
Convert -140ba8 (base 14) to base 3.
-1022020201000
Convert 32204324 (base 5) to base 3.
111211202021
What is -567aa8 (base 13) in base 7?
-23245132
Convert -100032130 (base 5) to base 7.
-3224106
What is 871983 (base 13) in base 15?
42a716
What is -162660315 (base 7) in base 4?
-222023121330
-20000100222 (base 3) to base 16
-1ce5f
861058 (base 12) to base 14
3d164c
What is -add7 (base 14) in base 15?
-8e1c
Convert -120333213 (base 4) to base 5.
-11234000
What is 51a4 (base 12) in base 7?
34654
What is 25f5 (base 16) in base 5?
302332
What is -3e403 (base 16) in base 2?
-111110010000000011
-1216362 (base 9) to base 6
-22055045
Convert -111001110111011001000 (base 2) to base 4.
-13032323020
What is 11231204 (base 5) in base 12?
4b086
What is 4a050 (base 14) in base 11?
114134
What is -47a69 (base 13) in base 7?
-1055043
-10ed986 (base 15) to base 14
-1882249
Convert 82942 (base 12) to base 16.
29ac2
What is 34113 (base 7) in base 16?
21ba
Convert 31c130 (base 14) to base 13.
46cc97
1110110101010110111 (base 2) to base 8
1665267
Convert 17a5b (base 14) to base 15.
12a2a
3e046a (base 15) to base 12
1001117
Convert 2400612 (base 7) to base 9.
511356
What is -222101100220 (base 3) in base 2?
-1111110110010010011
What is 2b28540 (base 12) in base 9?
17438513
10010101001100101 (base 2) to base 11
52435
What is -34685c (base 15) in base 8?
-11430152
Convert -2c35a04 (base 13) to base 11.
-8024336
-1587463 (base 9) to base 12
-367b56
What is 200131020 (base 4) in base 8?
403510
Convert 190c4 (base 13) to base 3.
2110112002
What is -3a363 (base 11) in base 10?
-57665
Convert -54462152 (base 7) to base 3.
-22210022000112
4398261 (base 10) to base 11
253452a
What is -5356305 (base 7) in base 16?
-9f651
-6065600 (base 8) to base 15
-2192c4
Convert -27d759 (base 14) to base 16.
-151533
Convert -660501 (base 7) to base 3.
-12212102120
-140482 (base 10) to base 11
-96601
What is -96aa34 (base 15) in base 11?
-4060077
Convert 1101010100011011010011 (base 2) to base 15.
48e7e4
-245e0 (base 15) to base 7
-662304
13222 (base 9) to base 11
6789
Convert 121a5 (base 14) to base 6.
540501
Convert 1102112022210 (base 3) to base 15.
eea9c
-5533ec (base 15) to base 7
-46342500
93642 (base 12) to base 3
1002101